{"id":1072,"date":"2022-12-05T06:56:34","date_gmt":"2022-12-05T11:56:34","guid":{"rendered":"https:\/\/oncocx.com\/?page_id=1072"},"modified":"2023-05-09T02:02:11","modified_gmt":"2023-05-09T07:02:11","slug":"cancer-de-piel","status":"publish","type":"page","link":"https:\/\/oncocx.com\/?page_id=1072","title":{"rendered":"C\u00e1ncer de piel"},"content":{"rendered":"\t\t<div data-elementor-type=\"wp-page\" data-elementor-id=\"1072\" class=\"elementor elementor-1072\">\n\t\t\t\t\t\t<section class=\"elementor-section elementor-top-section elementor-element elementor-element-a5681ee elementor-section-boxed elementor-section-height-default elementor-section-height-default\" data-id=\"a5681ee\" data-element_type=\"section\">\n\t\t\t\t\t\t<div class=\"elementor-container elementor-column-gap-default\">\n\t\t\t\t\t<div class=\"elementor-column elementor-col-100 elementor-top-column elementor-element elementor-element-3238fbb\" data-id=\"3238fbb\" data-element_type=\"column\">\n\t\t\t<div class=\"elementor-widget-wrap elementor-element-populated\">\n\t\t\t\t\t\t<div class=\"elementor-element elementor-element-fdeb4f8 elementor-widget elementor-widget-heading\" data-id=\"fdeb4f8\" data-element_type=\"widget\" data-widget_type=\"heading.default\">\n\t\t\t\t<div class=\"elementor-widget-container\">\n\t\t\t<style>\/*! elementor - v3.23.0 - 05-08-2024 *\/\n.elementor-heading-title{padding:0;margin:0;line-height:1}.elementor-widget-heading .elementor-heading-title[class*=elementor-size-]>a{color:inherit;font-size:inherit;line-height:inherit}.elementor-widget-heading .elementor-heading-title.elementor-size-small{font-size:15px}.elementor-widget-heading .elementor-heading-title.elementor-size-medium{font-size:19px}.elementor-widget-heading .elementor-heading-title.elementor-size-large{font-size:29px}.elementor-widget-heading .elementor-heading-title.elementor-size-xl{font-size:39px}.elementor-widget-heading .elementor-heading-title.elementor-size-xxl{font-size:59px}<\/style><h2 class=\"elementor-heading-title elementor-size-default\">C\u00e1ncer de piel<\/h2>\t\t<\/div>\n\t\t\t\t<\/div>\n\t\t\t\t\t<\/div>\n\t\t<\/div>\n\t\t\t\t\t<\/div>\n\t\t<\/section>\n\t\t\t\t<section class=\"elementor-section elementor-top-section elementor-element elementor-element-f90e44f elementor-section-boxed elementor-section-height-default elementor-section-height-default\" data-id=\"f90e44f\" data-element_type=\"section\">\n\t\t\t\t\t\t<div class=\"elementor-container elementor-column-gap-default\">\n\t\t\t\t\t<div class=\"elementor-column elementor-col-100 elementor-top-column elementor-element elementor-element-c8d07db\" data-id=\"c8d07db\" data-element_type=\"column\">\n\t\t\t<div class=\"elementor-widget-wrap elementor-element-populated\">\n\t\t\t\t\t\t<div class=\"elementor-element elementor-element-c0a09a6 elementor-widget elementor-widget-text-editor\" data-id=\"c0a09a6\" data-element_type=\"widget\" data-widget_type=\"text-editor.default\">\n\t\t\t\t<div class=\"elementor-widget-container\">\n\t\t\t<style>\/*! elementor - v3.23.0 - 05-08-2024 *\/\n.elementor-widget-text-editor.elementor-drop-cap-view-stacked .elementor-drop-cap{background-color:#69727d;color:#fff}.elementor-widget-text-editor.elementor-drop-cap-view-framed .elementor-drop-cap{color:#69727d;border:3px solid;background-color:transparent}.elementor-widget-text-editor:not(.elementor-drop-cap-view-default) .elementor-drop-cap{margin-top:8px}.elementor-widget-text-editor:not(.elementor-drop-cap-view-default) .elementor-drop-cap-letter{width:1em;height:1em}.elementor-widget-text-editor .elementor-drop-cap{float:left;text-align:center;line-height:1;font-size:50px}.elementor-widget-text-editor .elementor-drop-cap-letter{display:inline-block}<\/style>\t\t\t\t<p>El c\u00e1ncer de piel es la neoplasia que se presenta con mayor frecuencia en el ser humano, las cifras reportadas a nivel global solo son un estimado debido a que no todos los casos son reportados; aunque es raro que el c\u00e1ncer de piel comprometa la vida de los pacientes, produce graves secuelas funcionales y est\u00e9ticas.<\/p><p>B\u00e1sicamente podemos dividir al c\u00e1ncer de piel en melanoma y no melanoma, siendo el primero el que esta relacionado con el 95% de todos los fallecimientos debidos a c\u00e1ncer de piel; afortunadamente, este tipo de tumores no se presenta con mucha frecuencia, a diferencia del c\u00e1ncer de piel no melanoma, el cual incluye principalmente a los subtipos basocelular y epidermoide.<\/p><p>De manera general, el c\u00e1ncer de piel se trata mediante la resecci\u00f3n de la lesi\u00f3n con tejido sano circundante y dependiendo del tipo de tumor (entre otras caracter\u00edsticas) se determina si se debe realizar alg\u00fan tipo de manejo a los ganglios regionales, ya sea mediante ganglio centinela o disecci\u00f3n ganglionar formal.<\/p><p>Si lo desea, puede ver una entrevista por Mexiquense TV a un servidor en el siguiente enlace: <a href=\"https:\/\/www.youtube.com\/watch?v=v1Q-4KrOEd4\">https:\/\/www.youtube.com\/watch?v=v1Q-4KrOEd4<\/a><\/p><p>A continuaci\u00f3n presento algunos de los casos que he tratado en mi pr\u00e1ctica m\u00e9dica:<\/p>\t\t\t\t\t\t<\/div>\n\t\t\t\t<\/div>\n\t\t\t\t\t<\/div>\n\t\t<\/div>\n\t\t\t\t\t<\/div>\n\t\t<\/section>\n\t\t\t\t<section class=\"elementor-section elementor-top-section elementor-element elementor-element-f82df20 elementor-section-boxed elementor-section-height-default elementor-section-height-default\" data-id=\"f82df20\" data-element_type=\"section\">\n\t\t\t\t\t\t<div class=\"elementor-container elementor-column-gap-default\">\n\t\t\t\t\t<div class=\"elementor-column elementor-col-50 elementor-top-column elementor-element elementor-element-8b386f5\" data-id=\"8b386f5\" data-element_type=\"column\">\n\t\t\t<div class=\"elementor-widget-wrap elementor-element-populated\">\n\t\t\t\t\t\t<div class=\"elementor-element elementor-element-e252c21 elementor-widget elementor-widget-text-editor\" data-id=\"e252c21\" data-element_type=\"widget\" data-widget_type=\"text-editor.default\">\n\t\t\t\t<div class=\"elementor-widget-container\">\n\t\t\t\t\t\t\t<p>Paciente femenino en la sexta d\u00e9cada de la vida, con c\u00e1ncer de piel en p\u00e1rpado inferior de ojo izquierdo, tratado de manera satisfactoria mediante resecci\u00f3n amplia y reconstrucci\u00f3n con colgajo local (Mustard\u00e9).<\/p><p>El reporte de patolog\u00eda confirma resecci\u00f3n completa y m\u00e1rgenes libres por lo que se inicia vigilancia activa.<\/p>\t\t\t\t\t\t<\/div>\n\t\t\t\t<\/div>\n\t\t\t\t\t<\/div>\n\t\t<\/div>\n\t\t\t\t<div class=\"elementor-column elementor-col-50 elementor-top-column elementor-element elementor-element-ab1602c\" data-id=\"ab1602c\" data-element_type=\"column\">\n\t\t\t<div class=\"elementor-widget-wrap elementor-element-populated\">\n\t\t\t\t\t\t<div class=\"elementor-element elementor-element-c6f6898 elementor-widget elementor-widget-image\" data-id=\"c6f6898\" data-element_type=\"widget\" data-widget_type=\"image.default\">\n\t\t\t\t<div class=\"elementor-widget-container\">\n\t\t\t<style>\/*! elementor - v3.23.0 - 05-08-2024 *\/\n.elementor-widget-image{text-align:center}.elementor-widget-image a{display:inline-block}.elementor-widget-image a img[src$=\".svg\"]{width:48px}.elementor-widget-image img{vertical-align:middle;display:inline-block}<\/style>\t\t\t\t\t\t\t\t\t\t<img fetchpriority=\"high\" width=\"1024\" height=\"1024\" src=\"https:\/\/oncocx.com\/wp-content\/uploads\/2023\/05\/20230311_230317-1024x1024.jpg\" class=\"attachment-large size-large wp-image-1176\" alt=\"\" srcset=\"https:\/\/oncocx.com\/wp-content\/uploads\/2023\/05\/20230311_230317-1024x1024.jpg 1024w, https:\/\/oncocx.com\/wp-content\/uploads\/2023\/05\/20230311_230317-300x300.jpg 300w, https:\/\/oncocx.com\/wp-content\/uploads\/2023\/05\/20230311_230317-150x150.jpg 150w, https:\/\/oncocx.com\/wp-content\/uploads\/2023\/05\/20230311_230317-768x768.jpg 768w, https:\/\/oncocx.com\/wp-content\/uploads\/2023\/05\/20230311_230317-1536x1536.jpg 1536w, https:\/\/oncocx.com\/wp-content\/uploads\/2023\/05\/20230311_230317-2048x2048.jpg 2048w\" sizes=\"(max-width: 1024px) 100vw, 1024px\" \/>\t\t\t\t\t\t\t\t\t\t\t\t\t<\/div>\n\t\t\t\t<\/div>\n\t\t\t\t\t<\/div>\n\t\t<\/div>\n\t\t\t\t\t<\/div>\n\t\t<\/section>\n\t\t\t\t<section class=\"elementor-section elementor-top-section elementor-element elementor-element-110bd17 elementor-section-boxed elementor-section-height-default elementor-section-height-default\" data-id=\"110bd17\" data-element_type=\"section\">\n\t\t\t\t\t\t<div class=\"elementor-container elementor-column-gap-default\">\n\t\t\t\t\t<div class=\"elementor-column elementor-col-50 elementor-top-column elementor-element elementor-element-20d52fe\" data-id=\"20d52fe\" data-element_type=\"column\">\n\t\t\t<div class=\"elementor-widget-wrap elementor-element-populated\">\n\t\t\t\t\t\t<div class=\"elementor-element elementor-element-c7ee487 elementor-widget elementor-widget-text-editor\" data-id=\"c7ee487\" data-element_type=\"widget\" data-widget_type=\"text-editor.default\">\n\t\t\t\t<div class=\"elementor-widget-container\">\n\t\t\t\t\t\t\t<p>Femenino de 96 a\u00f1os de edad, con diabetes mellitus en control, presenta tumor de mas de un a\u00f1o de evoluci\u00f3n, tratado de manera conservadora por dermat\u00f3logo sin observar mejor\u00eda, se realiza biopsia que confirma carcinoma epidermoide de c\u00e9lulas grandes, optamos por realizar resecci\u00f3n amplia y para la reconstruccion se eligen colgajos de avance local +toma y aplicaci\u00f3n de injerto (espesor parcial).<\/p><p>En la imagen inferior izquierda se observa la integraci\u00f3n casi total del injerto a las 2 semanas; actualmente en vigilancia y control con un resultado est\u00e9tico adecuado.<\/p>\t\t\t\t\t\t<\/div>\n\t\t\t\t<\/div>\n\t\t\t\t\t<\/div>\n\t\t<\/div>\n\t\t\t\t<div class=\"elementor-column elementor-col-50 elementor-top-column elementor-element elementor-element-f69821a\" data-id=\"f69821a\" data-element_type=\"column\">\n\t\t\t<div class=\"elementor-widget-wrap elementor-element-populated\">\n\t\t\t\t\t\t<div class=\"elementor-element elementor-element-29f0cd4 elementor-widget elementor-widget-image\" data-id=\"29f0cd4\" data-element_type=\"widget\" data-widget_type=\"image.default\">\n\t\t\t\t<div class=\"elementor-widget-container\">\n\t\t\t\t\t\t\t\t\t\t\t\t\t<img width=\"1024\" height=\"1024\" src=\"https:\/\/oncocx.com\/wp-content\/uploads\/2022\/12\/20221205_061220-1024x1024.jpg\" class=\"attachment-large size-large wp-image-1085\" alt=\"\" srcset=\"https:\/\/oncocx.com\/wp-content\/uploads\/2022\/12\/20221205_061220-1024x1024.jpg 1024w, https:\/\/oncocx.com\/wp-content\/uploads\/2022\/12\/20221205_061220-300x300.jpg 300w, https:\/\/oncocx.com\/wp-content\/uploads\/2022\/12\/20221205_061220-150x150.jpg 150w, https:\/\/oncocx.com\/wp-content\/uploads\/2022\/12\/20221205_061220-768x768.jpg 768w, https:\/\/oncocx.com\/wp-content\/uploads\/2022\/12\/20221205_061220-1536x1536.jpg 1536w, https:\/\/oncocx.com\/wp-content\/uploads\/2022\/12\/20221205_061220-2048x2048.jpg 2048w\" sizes=\"(max-width: 1024px) 100vw, 1024px\" \/>\t\t\t\t\t\t\t\t\t\t\t\t\t<\/div>\n\t\t\t\t<\/div>\n\t\t\t\t\t<\/div>\n\t\t<\/div>\n\t\t\t\t\t<\/div>\n\t\t<\/section>\n\t\t\t\t<section class=\"elementor-section elementor-top-section elementor-element elementor-element-a7282df elementor-section-boxed elementor-section-height-default elementor-section-height-default\" data-id=\"a7282df\" data-element_type=\"section\">\n\t\t\t\t\t\t<div class=\"elementor-container elementor-column-gap-default\">\n\t\t\t\t\t<div class=\"elementor-column elementor-col-50 elementor-top-column elementor-element elementor-element-634a7aa\" data-id=\"634a7aa\" data-element_type=\"column\">\n\t\t\t<div class=\"elementor-widget-wrap elementor-element-populated\">\n\t\t\t\t\t\t<div class=\"elementor-element elementor-element-279b6cb elementor-widget elementor-widget-text-editor\" data-id=\"279b6cb\" data-element_type=\"widget\" data-widget_type=\"text-editor.default\">\n\t\t\t\t<div class=\"elementor-widget-container\">\n\t\t\t\t\t\t\t<p>Masculino de 69 a\u00f1os de edad sin enfermedades cr\u00f3nicas, campesino, se realiza biopsia de lesi\u00f3n en canto interno de ojo derecho, el reporte de patolog\u00eda menciona carcinoma basocelular. Se realiza tratamiento mediante resecci\u00f3n amplia, colgajo de avance local + toma y aplicaci\u00f3n de injerto. Actualmente en vigilancia y control.<\/p>\t\t\t\t\t\t<\/div>\n\t\t\t\t<\/div>\n\t\t\t\t\t<\/div>\n\t\t<\/div>\n\t\t\t\t<div class=\"elementor-column elementor-col-50 elementor-top-column elementor-element elementor-element-d7a99ce\" data-id=\"d7a99ce\" data-element_type=\"column\">\n\t\t\t<div class=\"elementor-widget-wrap elementor-element-populated\">\n\t\t\t\t\t\t<div class=\"elementor-element elementor-element-009cd3c elementor-widget elementor-widget-image\" data-id=\"009cd3c\" data-element_type=\"widget\" data-widget_type=\"image.default\">\n\t\t\t\t<div class=\"elementor-widget-container\">\n\t\t\t\t\t\t\t\t\t\t\t\t\t<img width=\"1024\" height=\"1024\" src=\"https:\/\/oncocx.com\/wp-content\/uploads\/2022\/09\/20220928_095329-1024x1024.jpg\" class=\"attachment-large size-large wp-image-927\" alt=\"\" srcset=\"https:\/\/oncocx.com\/wp-content\/uploads\/2022\/09\/20220928_095329-1024x1024.jpg 1024w, https:\/\/oncocx.com\/wp-content\/uploads\/2022\/09\/20220928_095329-300x300.jpg 300w, https:\/\/oncocx.com\/wp-content\/uploads\/2022\/09\/20220928_095329-150x150.jpg 150w, https:\/\/oncocx.com\/wp-content\/uploads\/2022\/09\/20220928_095329-768x768.jpg 768w, https:\/\/oncocx.com\/wp-content\/uploads\/2022\/09\/20220928_095329-1536x1536.jpg 1536w, https:\/\/oncocx.com\/wp-content\/uploads\/2022\/09\/20220928_095329-2048x2048.jpg 2048w\" sizes=\"(max-width: 1024px) 100vw, 1024px\" \/>\t\t\t\t\t\t\t\t\t\t\t\t\t<\/div>\n\t\t\t\t<\/div>\n\t\t\t\t\t<\/div>\n\t\t<\/div>\n\t\t\t\t\t<\/div>\n\t\t<\/section>\n\t\t\t\t<section class=\"elementor-section elementor-top-section elementor-element elementor-element-ddd3019 elementor-section-boxed elementor-section-height-default elementor-section-height-default\" data-id=\"ddd3019\" data-element_type=\"section\">\n\t\t\t\t\t\t<div class=\"elementor-container elementor-column-gap-default\">\n\t\t\t\t\t<div class=\"elementor-column elementor-col-50 elementor-top-column elementor-element elementor-element-e679653\" data-id=\"e679653\" data-element_type=\"column\">\n\t\t\t<div class=\"elementor-widget-wrap elementor-element-populated\">\n\t\t\t\t\t\t<div class=\"elementor-element elementor-element-05dbcad elementor-widget elementor-widget-text-editor\" data-id=\"05dbcad\" data-element_type=\"widget\" data-widget_type=\"text-editor.default\">\n\t\t\t\t<div class=\"elementor-widget-container\">\n\t\t\t\t\t\t\t<p>Paciente femenino de 73 a\u00f1os de edad, con diagn\u00f3stico de c\u00e1ncer de piel basoescamoso en labio superior. Se realiza manejo mediante resecci\u00f3n amplia + colgajo de avance local. Actualmente en vigilancia y control<\/p>\t\t\t\t\t\t<\/div>\n\t\t\t\t<\/div>\n\t\t\t\t\t<\/div>\n\t\t<\/div>\n\t\t\t\t<div class=\"elementor-column elementor-col-50 elementor-top-column elementor-element elementor-element-5dde4d8\" data-id=\"5dde4d8\" data-element_type=\"column\">\n\t\t\t<div class=\"elementor-widget-wrap elementor-element-populated\">\n\t\t\t\t\t\t<div class=\"elementor-element elementor-element-baa481d elementor-widget elementor-widget-image\" data-id=\"baa481d\" data-element_type=\"widget\" data-widget_type=\"image.default\">\n\t\t\t\t<div class=\"elementor-widget-container\">\n\t\t\t\t\t\t\t\t\t\t\t\t\t<img loading=\"lazy\" width=\"1024\" height=\"1024\" src=\"https:\/\/oncocx.com\/wp-content\/uploads\/2022\/09\/20220928_101651-1024x1024.jpg\" class=\"attachment-large size-large wp-image-929\" alt=\"\" srcset=\"https:\/\/oncocx.com\/wp-content\/uploads\/2022\/09\/20220928_101651-1024x1024.jpg 1024w, https:\/\/oncocx.com\/wp-content\/uploads\/2022\/09\/20220928_101651-300x300.jpg 300w, https:\/\/oncocx.com\/wp-content\/uploads\/2022\/09\/20220928_101651-150x150.jpg 150w, https:\/\/oncocx.com\/wp-content\/uploads\/2022\/09\/20220928_101651-768x768.jpg 768w, https:\/\/oncocx.com\/wp-content\/uploads\/2022\/09\/20220928_101651-1536x1536.jpg 1536w, https:\/\/oncocx.com\/wp-content\/uploads\/2022\/09\/20220928_101651-2048x2048.jpg 2048w\" sizes=\"(max-width: 1024px) 100vw, 1024px\" \/>\t\t\t\t\t\t\t\t\t\t\t\t\t<\/div>\n\t\t\t\t<\/div>\n\t\t\t\t\t<\/div>\n\t\t<\/div>\n\t\t\t\t\t<\/div>\n\t\t<\/section>\n\t\t\t\t<\/div>\n\t\t","protected":false},"excerpt":{"rendered":"<p>C\u00e1ncer de piel El c\u00e1ncer de piel es la neoplasia que se presenta con mayor frecuencia en el ser humano, las cifras reportadas a nivel global solo son un estimado debido a que no todos los casos son reportados; aunque es raro que el c\u00e1ncer de piel comprometa la vida de los pacientes, produce graves &hellip;<\/p>\n<p class=\"read-more\"> <a class=\"\" href=\"https:\/\/oncocx.com\/?page_id=1072\"> <span class=\"screen-reader-text\">C\u00e1ncer de piel<\/span> Leer m\u00e1s &raquo;<\/a><\/p>\n","protected":false},"author":1,"featured_media":0,"parent":0,"menu_order":0,"comment_status":"closed","ping_status":"closed","template":"","meta":{"site-sidebar-layout":"no-sidebar","site-content-layout":"page-builder","ast-global-header-display":"","ast-main-header-display":"","ast-hfb-above-header-display":"","ast-hfb-below-header-display":"","ast-hfb-mobile-header-display":"","site-post-title":"disabled","ast-breadcrumbs-content":"","ast-featured-img":"disabled","footer-sml-layout":"","theme-transparent-header-meta":"","adv-header-id-meta":"","stick-header-meta":"","header-above-stick-meta":"","header-main-stick-meta":"","header-below-stick-meta":""},"aioseo_notices":[],"_links":{"self":[{"href":"https:\/\/oncocx.com\/index.php?rest_route=\/wp\/v2\/pages\/1072"}],"collection":[{"href":"https:\/\/oncocx.com\/index.php?rest_route=\/wp\/v2\/pages"}],"about":[{"href":"https:\/\/oncocx.com\/index.php?rest_route=\/wp\/v2\/types\/page"}],"author":[{"embeddable":true,"href":"https:\/\/oncocx.com\/index.php?rest_route=\/wp\/v2\/users\/1"}],"replies":[{"embeddable":true,"href":"https:\/\/oncocx.com\/index.php?rest_route=%2Fwp%2Fv2%2Fcomments&post=1072"}],"version-history":[{"count":28,"href":"https:\/\/oncocx.com\/index.php?rest_route=\/wp\/v2\/pages\/1072\/revisions"}],"predecessor-version":[{"id":1188,"href":"https:\/\/oncocx.com\/index.php?rest_route=\/wp\/v2\/pages\/1072\/revisions\/1188"}],"wp:attachment":[{"href":"https:\/\/oncocx.com\/index.php?rest_route=%2Fwp%2Fv2%2Fmedia&parent=1072"}],"curies":[{"name":"wp","href":"https:\/\/api.w.org\/{rel}","templated":true}]}}